{"id":1453,"date":"2014-09-28T11:57:02","date_gmt":"2014-09-28T10:57:02","guid":{"rendered":"http:\/\/zsjak.novestraseci.info\/?page_id=1453"},"modified":"2020-01-02T19:34:24","modified_gmt":"2020-01-02T18:34:24","slug":"daniela-kalistova-1970","status":"publish","type":"page","link":"https:\/\/kolokolovec.pionyr.cz\/?page_id=1453","title":{"rendered":"Daniela Kalistov\u00e1 *1970"},"content":{"rendered":"<p>Funkce v Pion\u00fdru: revizor, t\u00e1borov\u00e1 kucha\u0159ka<img loading=\"lazy\" decoding=\"async\" class=\"alignright size-medium wp-image-2572\" src=\"http:\/\/kolokolovec.pionyr.cz\/wp-content\/uploads\/2014\/09\/daja-167x300.jpg\" alt=\"daja\" width=\"167\" height=\"300\" \/><\/p>\n<p>Obl\u00edben\u00e1 \u010dinnost: leno\u0161en\u00ed<\/p>\n<p>Obl\u00edben\u00e9 zv\u00ed\u0159e: pavouk<\/p>\n<p>Motto: Vysp\u00ed\u0161 se a\u017e v hrob\u011b.<\/p>\n<p>&nbsp;<\/p>\n","protected":false},"excerpt":{"rendered":"<p>Funkce v Pion\u00fdru: revizor, t\u00e1borov\u00e1 kucha\u0159ka Obl\u00edben\u00e1 \u010dinnost: leno\u0161en\u00ed Obl\u00edben\u00e9 zv\u00ed\u0159e: pavouk Motto: Vysp\u00ed\u0161 se a\u017e v hrob\u011b. &nbsp;<\/p>\n","protected":false},"author":2,"featured_media":0,"parent":1401,"menu_order":0,"comment_status":"closed","ping_status":"closed","template":"","meta":{"footnotes":""},"class_list":["post-1453","page","type-page","status-publish","hentry"],"_links":{"self":[{"href":"https:\/\/kolokolovec.pionyr.cz\/index.php?rest_route=\/wp\/v2\/pages\/1453"}],"collection":[{"href":"https:\/\/kolokolovec.pionyr.cz\/index.php?rest_route=\/wp\/v2\/pages"}],"about":[{"href":"https:\/\/kolokolovec.pionyr.cz\/index.php?rest_route=\/wp\/v2\/types\/page"}],"author":[{"embeddable":true,"href":"https:\/\/kolokolovec.pionyr.cz\/index.php?rest_route=\/wp\/v2\/users\/2"}],"replies":[{"embeddable":true,"href":"https:\/\/kolokolovec.pionyr.cz\/index.php?rest_route=%2Fwp%2Fv2%2Fcomments&post=1453"}],"version-history":[{"count":4,"href":"https:\/\/kolokolovec.pionyr.cz\/index.php?rest_route=\/wp\/v2\/pages\/1453\/revisions"}],"predecessor-version":[{"id":2573,"href":"https:\/\/kolokolovec.pionyr.cz\/index.php?rest_route=\/wp\/v2\/pages\/1453\/revisions\/2573"}],"up":[{"embeddable":true,"href":"https:\/\/kolokolovec.pionyr.cz\/index.php?rest_route=\/wp\/v2\/pages\/1401"}],"wp:attachment":[{"href":"https:\/\/kolokolovec.pionyr.cz\/index.php?rest_route=%2Fwp%2Fv2%2Fmedia&parent=1453"}],"curies":[{"name":"wp","href":"https:\/\/api.w.org\/{rel}","templated":true}]}}