{"id":1459,"date":"2014-09-28T12:00:42","date_gmt":"2014-09-28T11:00:42","guid":{"rendered":"http:\/\/zsjak.novestraseci.info\/?page_id=1459"},"modified":"2020-01-02T18:40:32","modified_gmt":"2020-01-02T17:40:32","slug":"hana-cejpova-1981","status":"publish","type":"page","link":"https:\/\/kolokolovec.pionyr.cz\/?page_id=1459","title":{"rendered":"Hana Cejpov\u00e1 *1981"},"content":{"rendered":"<p>Funkce v Pion\u00fdru: \u201eD\u011bv\u010de pro v\u0161echno\u201c<img loading=\"lazy\" decoding=\"async\" class=\"alignright size-medium wp-image-2559\" src=\"http:\/\/kolokolovec.pionyr.cz\/wp-content\/uploads\/2014\/09\/\u017eir-167x300.jpg\" alt=\"\u017eir\" width=\"167\" height=\"300\" \/><\/p>\n<p>Obl\u00edben\u00e1 \u010dinnost: turistika, cykloturistika<\/p>\n<p>Obl\u00edben\u00e9 zv\u00ed\u0159e: \u017eirafa<\/p>\n<p>Motto: V\u0161e, co d\u011bl\u00e1\u0161, d\u011blej, jak nejl\u00e9pe um\u00ed\u0161.<\/p>\n","protected":false},"excerpt":{"rendered":"<p>Funkce v Pion\u00fdru: \u201eD\u011bv\u010de pro v\u0161echno\u201c Obl\u00edben\u00e1 \u010dinnost: turistika, cykloturistika Obl\u00edben\u00e9 zv\u00ed\u0159e: \u017eirafa Motto: V\u0161e, co d\u011bl\u00e1\u0161, d\u011blej, jak nejl\u00e9pe um\u00ed\u0161.<\/p>\n","protected":false},"author":2,"featured_media":0,"parent":1401,"menu_order":0,"comment_status":"closed","ping_status":"closed","template":"","meta":{"footnotes":""},"class_list":["post-1459","page","type-page","status-publish","hentry"],"_links":{"self":[{"href":"https:\/\/kolokolovec.pionyr.cz\/index.php?rest_route=\/wp\/v2\/pages\/1459"}],"collection":[{"href":"https:\/\/kolokolovec.pionyr.cz\/index.php?rest_route=\/wp\/v2\/pages"}],"about":[{"href":"https:\/\/kolokolovec.pionyr.cz\/index.php?rest_route=\/wp\/v2\/types\/page"}],"author":[{"embeddable":true,"href":"https:\/\/kolokolovec.pionyr.cz\/index.php?rest_route=\/wp\/v2\/users\/2"}],"replies":[{"embeddable":true,"href":"https:\/\/kolokolovec.pionyr.cz\/index.php?rest_route=%2Fwp%2Fv2%2Fcomments&post=1459"}],"version-history":[{"count":1,"href":"https:\/\/kolokolovec.pionyr.cz\/index.php?rest_route=\/wp\/v2\/pages\/1459\/revisions"}],"predecessor-version":[{"id":2564,"href":"https:\/\/kolokolovec.pionyr.cz\/index.php?rest_route=\/wp\/v2\/pages\/1459\/revisions\/2564"}],"up":[{"embeddable":true,"href":"https:\/\/kolokolovec.pionyr.cz\/index.php?rest_route=\/wp\/v2\/pages\/1401"}],"wp:attachment":[{"href":"https:\/\/kolokolovec.pionyr.cz\/index.php?rest_route=%2Fwp%2Fv2%2Fmedia&parent=1459"}],"curies":[{"name":"wp","href":"https:\/\/api.w.org\/{rel}","templated":true}]}}