{"id":1475,"date":"2014-09-28T12:08:29","date_gmt":"2014-09-28T11:08:29","guid":{"rendered":"http:\/\/zsjak.novestraseci.info\/?page_id=1475"},"modified":"2020-01-02T18:20:35","modified_gmt":"2020-01-02T17:20:35","slug":"ondrej-hammerschick-1997","status":"publish","type":"page","link":"https:\/\/kolokolovec.pionyr.cz\/?page_id=1475","title":{"rendered":"Ond\u0159ej Hammerschick *1997"},"content":{"rendered":"<p>Funkce v Pion\u00fdru: Statut\u00e1rn\u00ed org\u00e1n, HVDT<\/p>\n<p>Obl\u00edben\u00e1 \u010dinnost: ly\u017eov\u00e1n\u00ed, hra na kytaru<\/p>\n<p>Obl\u00edben\u00e9 zv\u00ed\u0159e: m\u00fdval<\/p>\n<p>Motto: Bu\u010f s\u00e1m sebou!<\/p>\n","protected":false},"excerpt":{"rendered":"<p>Funkce v Pion\u00fdru: Statut\u00e1rn\u00ed org\u00e1n, HVDT Obl\u00edben\u00e1 \u010dinnost: ly\u017eov\u00e1n\u00ed, hra na kytaru Obl\u00edben\u00e9 zv\u00ed\u0159e: m\u00fdval Motto: Bu\u010f s\u00e1m sebou!<\/p>\n","protected":false},"author":2,"featured_media":0,"parent":1401,"menu_order":0,"comment_status":"closed","ping_status":"closed","template":"","meta":{"footnotes":""},"class_list":["post-1475","page","type-page","status-publish","hentry"],"_links":{"self":[{"href":"https:\/\/kolokolovec.pionyr.cz\/index.php?rest_route=\/wp\/v2\/pages\/1475"}],"collection":[{"href":"https:\/\/kolokolovec.pionyr.cz\/index.php?rest_route=\/wp\/v2\/pages"}],"about":[{"href":"https:\/\/kolokolovec.pionyr.cz\/index.php?rest_route=\/wp\/v2\/types\/page"}],"author":[{"embeddable":true,"href":"https:\/\/kolokolovec.pionyr.cz\/index.php?rest_route=\/wp\/v2\/users\/2"}],"replies":[{"embeddable":true,"href":"https:\/\/kolokolovec.pionyr.cz\/index.php?rest_route=%2Fwp%2Fv2%2Fcomments&post=1475"}],"version-history":[{"count":2,"href":"https:\/\/kolokolovec.pionyr.cz\/index.php?rest_route=\/wp\/v2\/pages\/1475\/revisions"}],"predecessor-version":[{"id":2554,"href":"https:\/\/kolokolovec.pionyr.cz\/index.php?rest_route=\/wp\/v2\/pages\/1475\/revisions\/2554"}],"up":[{"embeddable":true,"href":"https:\/\/kolokolovec.pionyr.cz\/index.php?rest_route=\/wp\/v2\/pages\/1401"}],"wp:attachment":[{"href":"https:\/\/kolokolovec.pionyr.cz\/index.php?rest_route=%2Fwp%2Fv2%2Fmedia&parent=1475"}],"curies":[{"name":"wp","href":"https:\/\/api.w.org\/{rel}","templated":true}]}}