{"id":2259,"date":"2017-03-03T20:34:06","date_gmt":"2017-03-03T19:34:06","guid":{"rendered":"http:\/\/kolokolovec.pionyr.cz\/?page_id=2259"},"modified":"2026-02-17T20:49:01","modified_gmt":"2026-02-17T19:49:01","slug":"jan-kalista-2003","status":"publish","type":"page","link":"https:\/\/kolokolovec.pionyr.cz\/?page_id=2259","title":{"rendered":"Jan Kalista *2000"},"content":{"rendered":"<p>Funkce v Pion\u00fdru: vedouc\u00ed odd\u00edlu<\/p>\n<p>Obl\u00edben\u00e1 \u010dinnost: plav\u00e1n\u00ed<\/p>\n<p>Obl\u00edben\u00e9 zv\u00ed\u0159e: pes<\/p>\n<p>Motto: \u017dije\u0161 jenom jednou!<\/p>\n<p><img loading=\"lazy\" decoding=\"async\" class=\"alignnone size-medium wp-image-3557\" src=\"http:\/\/kolokolovec.pionyr.cz\/wp-content\/uploads\/2026\/02\/IMG_1849-208x300.png\" alt=\"\" width=\"208\" height=\"300\" srcset=\"https:\/\/kolokolovec.pionyr.cz\/wp-content\/uploads\/2026\/02\/IMG_1849-208x300.png 208w, https:\/\/kolokolovec.pionyr.cz\/wp-content\/uploads\/2026\/02\/IMG_1849-712x1024.png 712w, https:\/\/kolokolovec.pionyr.cz\/wp-content\/uploads\/2026\/02\/IMG_1849-768x1105.png 768w, https:\/\/kolokolovec.pionyr.cz\/wp-content\/uploads\/2026\/02\/IMG_1849-1067x1536.png 1067w, https:\/\/kolokolovec.pionyr.cz\/wp-content\/uploads\/2026\/02\/IMG_1849-1423x2048.png 1423w, https:\/\/kolokolovec.pionyr.cz\/wp-content\/uploads\/2026\/02\/IMG_1849.png 1640w\" sizes=\"(max-width: 208px) 100vw, 208px\" \/><\/p>\n","protected":false},"excerpt":{"rendered":"<p>Funkce v Pion\u00fdru: vedouc\u00ed odd\u00edlu Obl\u00edben\u00e1 \u010dinnost: plav\u00e1n\u00ed Obl\u00edben\u00e9 zv\u00ed\u0159e: pes Motto: \u017dije\u0161 jenom jednou!<\/p>\n","protected":false},"author":2,"featured_media":0,"parent":1401,"menu_order":0,"comment_status":"closed","ping_status":"open","template":"","meta":{"footnotes":""},"class_list":["post-2259","page","type-page","status-publish","hentry"],"_links":{"self":[{"href":"https:\/\/kolokolovec.pionyr.cz\/index.php?rest_route=\/wp\/v2\/pages\/2259"}],"collection":[{"href":"https:\/\/kolokolovec.pionyr.cz\/index.php?rest_route=\/wp\/v2\/pages"}],"about":[{"href":"https:\/\/kolokolovec.pionyr.cz\/index.php?rest_route=\/wp\/v2\/types\/page"}],"author":[{"embeddable":true,"href":"https:\/\/kolokolovec.pionyr.cz\/index.php?rest_route=\/wp\/v2\/users\/2"}],"replies":[{"embeddable":true,"href":"https:\/\/kolokolovec.pionyr.cz\/index.php?rest_route=%2Fwp%2Fv2%2Fcomments&post=2259"}],"version-history":[{"count":6,"href":"https:\/\/kolokolovec.pionyr.cz\/index.php?rest_route=\/wp\/v2\/pages\/2259\/revisions"}],"predecessor-version":[{"id":3559,"href":"https:\/\/kolokolovec.pionyr.cz\/index.php?rest_route=\/wp\/v2\/pages\/2259\/revisions\/3559"}],"up":[{"embeddable":true,"href":"https:\/\/kolokolovec.pionyr.cz\/index.php?rest_route=\/wp\/v2\/pages\/1401"}],"wp:attachment":[{"href":"https:\/\/kolokolovec.pionyr.cz\/index.php?rest_route=%2Fwp%2Fv2%2Fmedia&parent=2259"}],"curies":[{"name":"wp","href":"https:\/\/api.w.org\/{rel}","templated":true}]}}